 1))
3
What is -4 - (-6 + (0 - -1 - 2))?
3
Evaluate 2 - (4 - (5 + 2)).
5
Calculate -2 + (-3 + 4 - 4 - -4).
-1
Calculate -1 + 4 - (-1 + (-1 - 0)).
5
Evaluate 8 + (11 - (6 + 6)).
7
What is the value of -1 + (7 - (-7 + 13 + 3))?
-3
What is 1 - 1 - (2 - (-4 - -1))?
-5
(17 - 11) + (-5 - 0) + 0
1
What is the value of 6 + -5 + 4 - 6?
-1
Evaluate (-8 - 2) + -1 + 8.
-3
0 + -2 + 3 + -4 + 3
0
What is (-15 - 0) + 69 + -61?
-7
Evaluate -13 - (-2 - (-7 - -14)).
-4
Calculate -2 + 2 + 3 + -1 + 3.
5
Evaluate -1 + 0 - (6 + -6).
-1
Evaluate 3 - (3 - 4) - -1.
5
What is the value of (4 - 2 - 5) + (2 - 1)?
-2
Calculate (-2 - (-6 + -6)) + -6.
4
What is the value of (7 - (29 - 5) - -5) + 7?
-5
What is (-7 - 2 - -4) + 0?
-5
What is the value of -3 + -8 + -4 + 17?
2
What is 16 - 2 - (-12 + 19)?
7
Calculate -13 - (-25 - (-3 + -10)).
-1
12 + -6 + -18 + 18
6
Evaluate -4 + 1 + (4 - 2) + 5.
4
What is the value of -20 - -24 - (-3 + 8)?
-1
What is (-7 - -8 - -6 - 18) + 3?
-8
Calculate 6 + -2 + 4 + (-3 - 3).
2
Evaluate 9 - ((2 - 10) + 18).
-1
Calculate -6 + (4 + 6 + -14 - 0).
-10
Evaluate 7 + -4 + -10 + 8 - 1.
0
Evaluate 13 + -9 + (-9 - 0).
-5
Evaluate -5 - 7 - -5 - -9.
2
What is (-1 - (-8 + 13)) + 9 - 4?
-1
What is the value of (-3 - (0 - 7)) + 0?
4
Calculate (0 - -6 - 3) + -4.
-1
7 + 1 + (0 - (3 + 0))
5
6 + -1 - -1 - 3 - 4
-1
Evaluate -3 + (3 + 0 - 3).
-3
-6 + 1 + -12 + 15 + 1
-1
(-10 - (11 - 28)) + 1
8
What is the value of -1 - 0 - -6 - 4?
1
Calculate -1 + 0 + -1 + 2.
0
What is -14 + (10 - -2) + -5?
-7
Calculate -1 - -5 - (-3 + (-2 - -4)).
5
-3 + (-2 - (2 + -6) - 1)
-2
Calculate (-1 - (7 - 11)) + 0.
3
Calculate 1 - (-3 + 1) - (-2 - -4).
1
(3 - (0 - -1)) + (-22 - -17)
-3
Calculate (-6 - 1 - (-24 - -25)) + -3.
-11
Calculate -1 - (19 - (7 + 4)).
-9
Evaluate (0 - (-4 + 2)) + -1.
1
What is -7 + 6 - (-1 - (8 - -1))?
9
Calculate (6 - 6) + 0 + 5.
5
What is the value of 9 + -4 + -15 - -2?
-8
What is the value of -7 + 3 - (-3 + -1)?
0
-5 + 11 + -1 + (-2 - 1)
2
What is -3 + 7 + 4 + -3 + 0?
5
Evaluate -2 - (-3 - 3) - 2.
2
What is the value of -4 + 3 + -3 + 4 + -4?
-4
Evaluate 1 + 2 - (-4 - -5 - -7).
-5
-1 + 4 + -4 + 0
-1
Calculate -4 + 6 - (-1 - -2).
1
What is (-1 - -2) + 83 + -90?
-6
What is the value of -3 + (-1 + (3 - -8) - 4)?
3
9 - (-6 - (-11 + -7))
-3
Evaluate -10 - (-7 - 4 - -6).
-5
-5 + -2 + 6 - 5
-6
Evaluate -3 - (-13 - (-3 - (5 - 5))).
7
(5 - 1) + 46 + -48
2
Calculate -3 + 1 + -4 + 4.
-2
What is 6 - -1 - (2 + (4 - 1))?
2
Evaluate -5 + 4 + 0 + -2 + -3.
-6
Calculate 8 - (3 - (5 + -6)).
4
Evaluate -2 - ((12 - 11) + (0 - 7)).
4
What is the value of 4 - 10 - 1 - -8?
1
Calculate (8 - 23) + (4 - 0) - -5.
-6
Evaluate 1 + 6 + -5 + (1 - 7).
-4
Evaluate (9 - (6 + 8)) + 0.
-5
Evaluate 1 - ((4 - 5) + (0 - 0)).
2
What is the value of (2 - 7 - -7) + 2?
4
What is the value of (-2 - (-4 - -1)) + -7 - 1?
-7
Evaluate 4 - (-12 - -8 - -12).
-4
Calculate 5 + (-4 - -5) - (-2 + 5).
3
Calculate (4 - -12) + -17 + -6 + 1.
-6
What is -2 + (-1 - (-5 + 2 - -1))?
-1
Evaluate (-6 - (-3 - 5)) + 1.
3
Calculate -13 + (-4 + 5 - -7).
-5
Evaluate 5 - (6 - (7 + -4)).
2
What is the value of -2 + (3 - -4) + -14 + 11?
2
Evaluate -16 - -3 - -12 - (1 - 1).
-1
Calculate 133 + -137 - (2 - 12).
6
What is 1 + (1 - 0) - (11 - 14)?
5
What is (5 - 5) + 1 + -2?
-1
What is the value of 2 + -2 - (2 - 1)?
-1
Evaluate 4 + -7 + -12 + 23.
8
What is the value of 1 + 3 + -5 + -1 + 2?
0
Evaluate (-8 - -12) + 0 - 9 - 5.
-10
What is the value of 5 - ((5 - 8) + 5)?
3
Calculate (9 - 9) + 0 + 3.
3
Evaluate 2 + -1 - (72 + -74).
3
What is (-1 - (-1 - 2 - -5)) + -1?
-4
What is the value of -4 - (0 + -1 - 7)?
4
What is -7 + 0 + 5 - 2?
-4
Evaluate 10 + -14 + (0 - -6).
2
What is -3 - (-6 + 9 - 0)?
-6
4 + -5 + 5 - 5
-1
Calculate -4 - (11 - (-1 + 6) - 5).
-5
(14 - 3) + -1 + -4 + -9
-3
What is the value of -12 - (6 - (3 - -14))?
-1
-2 + (-3 + 8 - (1 - 0))
2
5 - 12 - -15 - 2
6
What is (4 - 5 - 3) + 0 - -2?
-2
Evaluate (1 - -8) + (-9 - 4).
-4
Evaluate (7 - -1) + (5 - 5).
8
(0 - 0) + (15 - 8) + -8
-1
What is the value of -2 + 4 + -3 - -1?
0
Evaluate -2 - -4 - (-3 - (-1 - 2)).
2
7 + (3 + -9 + 10 - 19)
-8
What is 2 - (-6 + 3) - -1?
6
Calculate (-4 - -5) + -8 + 3 + 4.
0
What is the value of -4 + -4 - (-3 - -8 - 21)?
8
2 + 10 + -5 + (-4 - -6)
9
6 + (7 - 18) + 3
-2
Evaluate -4 + (4 - 6 - (-5 - 1)).
0
Calculate 11 - 16 - (-2 - 1 - 2).
0
What is the value of (-28 - -32) + (-1 - 4)?
-1
-15 + 7 + 4 - (-8 - 0)
4
Evaluate 12 - (-9 - (7 - 26)).
2
Evaluate -2 + 8 + 4 + -9.
1
0 - -8 - (-9 - -7)
10
Evaluate -1 + 6 + 6 - (-10 - -16).
5
-5 + 9 - (-2 - (-4 - -3))
5
4 + -2 + (-4 - 1) + 7
4
(6 - 3 - 1) + -3 - -1
0
Calculate -1 + 2 + 2 - 1.
2
What is -1 - (-7 + (-2 - -5))?
3
Calculate 5 + (-6 - -1) - 0.
0
(3 - 2) + -1 - (6 - 6)
0
-1 + -6 + 7 + (-3 - -2)
-1
What is 8 + 3 - (10 - 2)?
3
Calculate 62 + -63 + (-1 - (0 + 0)).
-2
Evaluate 12 + (8 - (33 + -11)).
-2
What is (1 + -10 - (0 - 3)) + 0?
-6
(-1 - 6) + 6 - 4
-5
-1 + -3 + 0 + 1 + -1
-4
What is 5 - (0 + -2 + -2 + 2)?
7
What is (12 - 12) + -4 - -2?
-2
What is the value of 9 + -5 - -1 - (2 + 2)?
1
What is -4 + 0 - (2 - (-1 + 7))?
0
0 + 14 + (-19 - -23 - 11)
7
What is 5 - (-2 + (5 - 3 - 0))?
5
What is the value of -6 + (5 - 5) + (0 - 4)?
-10
Evaluate 6 + -3 + -4 + -6 - -3.
-4
What is -10 - -4 - (-2 + -2)?
-2
What is 2 - (0 - -1 - (-4 + 4))?
1
What is the value of (0 - -2) + -7 + 9 + -5?
-1
Evaluate (-5 - -7) + -3 - 3.
-4
What is 3 + 2 - (-3 + 4)?
4
What is -3 + (3 - 1) + 1?
0
What is (-7 - -8) + -1 + -8 + 4?
-4
Calculate -1 - (3 - -2 - (-1 + 4)).
-3
Calculate (-5 + 3 - -3) + -3.
-2
What is the value of (9 - 10) + (-1 - 3)?
-5
63 + -64 - (-7 - 1)
7
Calculate 1 + 3 - 0 - 5.
-1
Calculate -8 + (0 - 2) + 14 + -11.
-7
What is the value of 1 + -13 - (-5 + -10 + 8)?
-5
(-6 - -3) + -1 - -1 - -4
1
(2 - 5) + 2 + -3 + 5
1
What is the value of -13 + 22 + -5 + 3 + -12?
-5
Evaluate 1 + (2 - 2) - 0.
1
-1 - (2 + (6 - 14))
5
Evaluate -2 - (-5 + -2 + 5) - -1.
1
Calculate 1 + 1 + 3 + 3 + -7.
1
What is the value of 0 + 1 - (0 + -3)?
4
Evaluate (14 + -4 - 17) + 9.
2
What is 8 + (4 - -2 - 2) + -6?
6
Evaluate -5 + 10 + -6 + -6 - -5.
-2
Calculate -1 - (2 - (-1 - (0 + -4))).
0
What is the value of -8 + (0 - -4) + (0 - -1)?
-3
What is 0 - (18 - (-4 + 14))?
-8
-7 + 4 + (-3 - (7 + -5))
-8
What is -1 + -5 + (1 + -1 - -1)?
-5
Calculate 4 + -7 - (-4 - 2).
3
0 - (-1 - (-4 + 3))
0
Calculate (-6 - (-7 - -4)) + 0.
-3
Calculate (-3 - -11 - 5) + 0.
3
7 - (4 + -4 - -1)
6
What is the value of 4 + (-9 - (-5 + 1 - -1))?
-2
What is the value of 143 + -140 - (0 - -1)?
2
Evaluate (-2 + (1 - -3) - 6) + 5.
1
(-2 - (-5 - -5)) + -5 + 13
6
Evaluate 3 + 3 + -6 + -2 + -1.
-3
Calculate 2 - 1 - (21 + -15).
-5
9 + -1 + (-31 - -21 - -5)
3
What is (-6 - -2) + (11 - (-2 + 3))?
6
Evaluate -2 + 2 - (-3 + 0).
3
Calculate -4 + 0 + (10 - 2).
4
What is (-13 - -9) + (2 - -4)?
2
Evaluate -2 + 2 + 2 + -2 + 1.
1
What is the value of -8 + (5 - 0) - -5?
2
2 + (-1 - 0) + 36 + -37
0
Evaluate 8 - 4 - (-3 - (-10 + 5)).
2
(-13 - (-4 - 11)) + 0 + -1
1
Evaluate 1 + 1 + 1 + -8.
-5
16 + (2 - (19 - 6))
5
Evaluate -10 - (-4 + 9 - 10).
-5
What is the value of 3 + -5 + (5 - 0) + -1?
2
0 - 1 - (9 + -5)
-5
Calculate (-4 - (-7 + (6 - 9))) + -3.
3
What is 0 + -2 + -2 - (1 - 10)?
5
Evaluate -3 + (-1 - (-3 + -1)) + -3.
-3
Calculate -6 - (-16 - (-2 - 6)).
2
What is (-4 - -1) + -3 + 7?
1
(3 - 1) + -7 - (-4 + 0)
-1
-5 + -2 - (-9 - (-12 - -20))
10
Calculate -10 - 1 - (-16 - -8).
-3
Evaluate -4 - (4 + (1 - 3) - 3).
-3
Evaluate (-6 - -3 - (0 + -4)) + -3.
-2
Calculate (1 - 2) + (13 - 12).
0
Evaluate -7 - -4 - (-8 + 1).
4
Calculate -2 + -3 + 0 + 1.
-4
Calculate -1 + 3 - (3 - 3 - -6).
-4
What is 0 + 1 + -5 + (321 - 314)?
3
Calculate -3 + -1 + (1 - -1).
-2
Calculate -4 + 3 + -2 + (2 - 3).
-4
Evaluate -3 - (4 + -7 + -3 + 4).
-1
(-1 - 2) + 0 + (0 - -4)
1
Evaluate 0 + 4 + -5 - 0.
-1
0 + -2 + 8 + -7 - 7
-8
-7 + (5 - (3 + -2))
-3
What is the value of 12 + 0 + -51 + 31?
-8
Calculate (-1 - -5 - 4) + -1.
-1
Evaluate 3 + -3 + 1 + 0.
1
Calculate 6 + (3 - 1) + -10.
-2
What is the value of 1 + -1 + -3 + 1 + -2?
-4
Calculate (6 - (6 - 4)) + (-2 - 4).
-2
What is -5 - (-3 + (-5 + 8 - 1))?
-4
Calculate -3 - (2 + (-5 - 2)).
2
Calculate -2 + 2 + -4 + 1 + 0.
-3
What is 11 + 9 + -25 + 4?
-1
Evaluate 0 + 5 + -8 - -3.
0
What is the value of